
What is the ten thousands digit of 3013847?
1
What is the hundreds digit of 4241459?
4
What is the hundred thousands digit of 15663381?
6
What is the hundreds digit of 63881?
8
What is the tens digit of 100113?
1
What is the hundred thousands digit of 547233?
5
What is the tens digit of 7410?
1
What is the units digit of 409927?
7
What is the units digit of 2568338?
8
What is the ten thousands digit of 2334618?
3
What is the thousands digit of 2153459?
3
What is the millions digit of 13359300?
3
What is the hundreds digit of 2810900?
9
What is the hundreds digit of 15007734?
7
What is the ten thousands digit of 480403?
8
What is the units digit of 2330991?
1
What is the hundreds digit of 1414623?
6
What is the millions digit of 3151871?
3
What is the ten millions digit of 21223823?
2
What is the hundreds digit of 120548?
5
What is the hundreds digit of 6154865?
8
What is the hundred thousands digit of 12153236?
1
What is the tens digit of 27973880?
8
What is the thousands digit of 638276?
8
What is the hundreds digit of 15687630?
6
What is the hundred thousands digit of 2243453?
2
What is the units digit of 891900?
0
What is the ten thousands digit of 2112341?
1
What is the units digit of 90403?
3
What is the ten thousands digit of 155150?
5
What is the millions digit of 2322420?
2
What is the thousands digit of 308196?
8
What is the hundreds digit of 7484834?
8
What is the hundred thousands digit of 274923?
2
What is the units digit of 107815?
5
What is the hundred thousands digit of 3265834?
2
What is the units digit of 71161?
1
What is the millions digit of 3127367?
3
What is the units digit of 9330?
0
What is the units digit of 45837?
7
What is the ten thousands digit of 17897?
1
What is the millions digit of 2643219?
2
What is the millions digit of 4075841?
4
What is the tens digit of 20785596?
9
What is the tens digit of 3216917?
1
What is the hundreds digit of 180917?
9
What is the hundreds digit of 122307?
3
What is the ten thousands digit of 72594?
7
What is the tens digit of 3895424?
2
What is the tens digit of 10149888?
8
What is the tens digit of 1148898?
9
What is the hundred thousands digit of 128902?
1
What is the ten thousands digit of 57291?
5
What is the thousands digit of 20785626?
5
What is the tens digit of 731955?
5
What is the tens digit of 2543080?
8
What is the ten thousands digit of 26863356?
6
What is the ten thousands digit of 8926060?
2
What is the thousands digit of 237096?
7
What is the thousands digit of 602012?
2
What is the hundreds digit of 6111?
1
What is the hundred thousands digit of 1281276?
2
What is the thousands digit of 6503424?
3
What is the thousands digit of 141057?
1
What is the ten thousands digit of 559425?
5
What is the millions digit of 3817913?
3
What is the ten thousands digit of 1259642?
5
What is the hundreds digit of 4903776?
7
What is the hundreds digit of 35127?
1
What is the ten thousands digit of 277779?
7
What is the units digit of 1625269?
9
What is the millions digit of 29200633?
9
What is the units digit of 1133307?
7
What is the tens digit of 773892?
9
What is the ten thousands digit of 331045?
3
What is the hundreds digit of 1662136?
1
What is the ten thousands digit of 1451863?
5
What is the hundreds digit of 5165549?
5
What is the ten thousands digit of 45058?
4
What is the hundreds digit of 272045?
0
What is the ten thousands digit of 2447290?
4
What is the ten thousands digit of 107669?
0
What is the hundreds digit of 7117371?
3
What is the tens digit of 1064959?
5
What is the hundred thousands digit of 109411?
1
What is the hundreds digit of 58109?
1
What is the hundred thousands digit of 5253406?
2
What is the tens digit of 286190?
9
What is the tens digit of 7246499?
9
What is the hundreds digit of 48707?
7
What is the tens digit of 5029956?
5
What is the hundreds digit of 20179?
1
What is the hundreds digit of 6088671?
6
What is the hundred thousands digit of 545714?
5
What is the hundreds digit of 1263222?
2
What is the hundred thousands digit of 2163459?
1
What is the thousands digit of 1344354?
4
What is the units digit of 5848555?
5
What is the units digit of 5862595?
5
What is the tens digit of 198075?
7
What is the thousands digit of 757800?
7
What is the hundreds digit of 461215?
2
What is the millions digit of 4260587?
4
What is the hundred thousands digit of 11739573?
7
What is the units digit of 3233991?
1
What is the hundreds digit of 963590?
5
What is the tens digit of 7171?
7
What is the hundreds digit of 1654981?
9
What is the units digit of 2012023?
3
What is the hundreds digit of 6659039?
0
What is the millions digit of 31050713?
1
What is the hundreds digit of 1177868?
8
What is the ten thousands digit of 448049?
4
What is the ten thousands digit of 71329?
7
What is the hundred thousands digit of 1234857?
2
What is the ten thousands digit of 688152?
8
What is the thousands digit of 234220?
4
What is the thousands digit of 6067516?
7
What is the ten thousands digit of 188409?
8
What is the hundreds digit of 306889?
8
What is the millions digit of 1076792?
1
What is the tens digit of 169257?
5
What is the hundreds digit of 13762870?
8
What is the tens digit of 673222?
2
What is the tens digit of 38012?
1
What is the millions digit of 2499248?
2
What is the thousands digit of 797579?
7
What is the ten thousands digit of 431703?
3
What is the hundred thousands digit of 132901?
1
What is the thousands digit of 152303?
2
What is the hundred thousands digit of 702692?
7
What is the hundreds digit of 325884?
8
What is the thousands digit of 284612?
4
What is the tens digit of 461764?
6
What is the hundred thousands digit of 805340?
8
What is the tens digit of 1580853?
5
What is the hundred thousands digit of 2355317?
3
What is the tens digit of 3514924?
2
What is the millions digit of 8416353?
8
What is the hundred thousands digit of 142612?
1
What is the hundreds digit of 4168847?
8
What is the units digit of 343208?
8
What is the hundreds digit of 2599137?
1
What is the units digit of 885419?
9
What is the units digit of 156603?
3
What is the ten thousands digit of 2256202?
5
What is the hundreds digit of 198582?
5
What is the tens digit of 15928980?
8
What is the hundred thousands digit of 202941?
2
What is the units digit of 89583?
3
What is the hundreds digit of 3986681?
6
What is the hundred thousands digit of 1490248?
4
What is the thousands digit of 5063369?
3
What is the thousands digit of 180291?
0
What is the thousands digit of 2760130?
0
What is the thousands digit of 16391?
6
What is the thousands digit of 848908?
8
What is the hundred thousands digit of 3857760?
8
What is the ten thousands digit of 3418021?
1
What is the ten millions digit of 26910262?
2
What is the tens digit of 734390?
9
What is the tens digit of 353942?
4
What is the millions digit of 10725039?
0
What is the hundred thousands digit of 12086207?
0
What is the millions digit of 1749809?
1
What is the hundred thousands digit of 2571572?
5
What is the hundred thousands digit of 394105?
3
What is the hundreds digit of 1878039?
0
What is the hundreds digit of 1182764?
7
What is the millions digit of 4596309?
4
What is the millions digit of 2195610?
2
What is the units digit of 77746?
6
What is the tens digit of 202083?
8
What is the units digit of 160652?
2
What is the millions digit of 1478047?
1
What is the hundreds digit of 2462439?
4
What is the hundred thousands digit of 1248998?
2
What is the thousands digit of 674713?
4
What is the hundred thousands digit of 9106855?
1
What is the tens digit of 1269962?
6
What is the thousands digit of 4706140?
6
What is the millions digit of 8852682?
8
What is the ten thousands digit of 515007?
1
What is the millions digit of 2670927?
2
What is the thousands digit of 6239954?
9
What is the hundred thousands digit of 965591?
9
What is the hundred thousands digit of 2233432?
2
What is the thousands digit of 155998?
5
What is the tens digit of 684125?
2
What is the tens digit of 1794854?
5
What is the ten thousands digit of 12825675?
2
What is the ten thousands digit of 3792406?
9
What is the ten thousands digit of 186206?
8
What is the ten thousands digit of 11254985?
5
What is the thousands digit of 546611?
6
What is the hundred thousands